at is -11 + (23 - 8) + -1?
3
What is -1 - (-1 + 6 + -2 + -3)?
-1
What is the value of -8 - (-6 + 0 - (-7 + 5))?
-4
Evaluate (-13 + (0 - -7) - -9) + -5.
-2
What is the value of ((8 - 0) + -4 - 4) + -1?
-1
Calculate 0 + (-6 - -6) + 1 + 2.
3
What is the value of 8 - 1 - (-43 + 41) - 5?
4
What is 1 - ((-7 - -4) + -2)?
6
Evaluate (-2 - 0) + -1 + (-22 - -21).
-4
Calculate 17 + (-5 - -1) + -6 + 0.
7
Calculate -1 + (9 - 8) + (-1 - 1).
-2
1 + (-3 - -3) + (2 - 2)
1
What is -2 + -3 + (1 - -3) + -4?
-5
Calculate (-3 - (2 - 7)) + -3.
-1
Calculate -3 + -1 + 4 + 3.
3
Calculate 2 + (13 + -6 - 3) - 11.
-5
Calculate -6 + 4 - (-7 + 2).
3
22 + -27 - (0 + -7)
2
Evaluate -2 + 11 + -7 - -1 - -4.
7
What is the value of 0 + -2 - (-1 - 5)?
4
7 + -9 - (1 + 0 + 1)
-4
Evaluate 2 + 5 + -8 - -6.
5
Evaluate 2 - (31 - 18 - (2 - -3)).
-6
What is 7 - (5 + (3 - 1))?
0
What is the value of -10 - -5 - (3 - 6 - 1)?
-1
-6 + -2 - (10 + -16)
-2
What is 8 + ((-3 - -3) + -2 - 1)?
5
Evaluate 54 + -62 + 1 + 4 + 0.
-3
0 + 2 - 7 - -11
6
Evaluate 4 + (-3 + -1 - 7) - 0.
-7
What is -1 + -1 + 8 + -1 - 2?
3
What is the value of 1 + -4 + 1 + 3?
1
(-9 - -2) + 5 + -5 - -3
-4
12 - (-5 + -8 + 35)
-10
Evaluate 2 + -7 - (4 + 4 + -18).
5
Evaluate -1 + 4 - (3 + -13 - -13).
0
What is 0 - ((5 - 2) + -1 - 6)?
4
(2 - -2) + 22 + -29 + 7
4
What is the value of 5 + 1 + -1 + 4 + -14?
-5
4 + (-4 + -4 - -3 - 0)
-1
Calculate -1 - 8 - (11 - 18).
-2
Calculate -4 + (-6 + 0 - -9).
-1
Calculate 5 + -8 - (2 + -6).
1
What is the value of (99 - 107) + 17 + 1?
10
6 + -5 + 3 + -6
-2
What is the value of (281 - 276) + 0 + -1 + -7?
-3
Calculate -3 + 0 - (-3 - (1 + -2)).
-1
What is (-8 - -7) + (-1 - (-3 + 3))?
-2
Calculate (-14 - 0) + (-62 - -83).
7
What is the value of (8 - -6) + 1 + -6 + -7?
2
What is -2 + (11 - (1 + 3))?
5
(-97 - -100) + -1 + -1 + 3
4
Calculate (2 - -2) + 1 + -1.
4
What is the value of (0 - 3 - -3) + -2?
-2
What is -3 + 8 + -3 + -3?
-1
Calculate -8 - (-5 + (3 - 2)).
-4
Evaluate -5 + (-3 - -7) + (12 - 6).
5
What is 8 + -5 + 0 + 2?
5
10 + 1 - (-5 - (12 - 22))
6
Calculate -1 - (-6 - (-2 - 0)).
3
0 + -3 - (2 - 3 - 0)
-2
What is 3 + -5 + 0 + 3 + -3?
-2
Evaluate 4 - (7 + -5 + 9 + -3).
-4
9 + (-5 - 1) + 2
5
Calculate (2 - 1) + 3 + -1 + -2.
1
What is (-6 - (-3 - -1)) + 6?
2
What is -9 + 16 + (0 - 2)?
5
Evaluate -1 - -3 - (8 - (1 - -4)).
-1
What is the value of (2 - -6) + -6 - 9?
-7
What is -231 + 228 - (1 - (13 + 1))?
10
Evaluate -7 + -1 + 6 + 0 + -1.
-3
What is 4 + -2 + (-2 - 2) + 4?
2
Evaluate 0 + 0 - (-25 + 21).
4
Calculate -7 + (8 - 2) + -1.
-2
2 + (-2 - -3) + (1 - 4)
0
Calculate 0 - (-2 - (-9 + 3)).
-4
What is the value of 5 + 0 - (37 + -28)?
-4
What is 6 - (4 + (1 - 3))?
4
What is the value of -4 - (-1 + -1 - (-4 - -4))?
-2
Evaluate (-4 - (-6 + 5 + -5)) + 1.
3
Calculate -5 - -10 - (1 - 0).
4
Calculate 4 + (-16 - -9) + -3 - -11.
5
What is 7 - (6 + 5 - 6) - -2?
4
1 - 0 - (-14 - -5 - -7)
3
-2 + 0 + (38 - 31)
5
-2 - (0 - (0 - -5) - 3)
6
What is the value of -2 - (-4 + (1 - 2 - -5))?
-2
What is -5 + 3 + 2 - (-1 + 3)?
-2
What is -4 - (3 + 2 - 0) - -1?
-8
What is (7 - 3) + (-3 + 1 - -1)?
3
What is the value of 5 + (-2 - (-2 + 1))?
4
Evaluate 0 - ((-2 - -1) + (-1 - -8)).
-6
Calculate -73 - -73 - (-1 - 8).
9
What is the value of -2 + (-5 - -14 - 5 - 3)?
-1
12 + (-13 - -19) + -9
9
Evaluate 7 + -4 + -4 + -3.
-4
Calculate (0 - (2 + 13)) + 8 + 4.
-3
What is 4 + -1 + (11 - 13)?
1
Evaluate 2 + (2 - (1 - -3)) + 0.
0
What is the value of 4 + (-2 + 10 + -5 - 5)?
2
What is 5 - -4 - (-3 + 7)?
5
What is the value of (1 - 0) + -11 + 12 + -7?
-5
Evaluate 6 + (4 - (-5 + 4 + 18)).
-7
What is -8 - (-2 + 5 - 10 - -3)?
-4
What is the value of -10 + 0 + 5 + 1?
-4
Calculate -1 - -22 - (8 + 4).
9
What is the value of 1 - (1 + -5) - (8 + -7)?
4
What is the value of 7 - 4 - (12 + -13)?
4
What is the value of 5 + -4 + (4 - 7)?
-2
Calculate (4 - 3) + -13 + 19.
7
Evaluate 3 + 0 - (-4 - -5 - -2).
0
What is the value of -1 + -7 + (4 - -5)?
1
What is -7 + (4 - (5 - 6)) - 4?
-6
What is -6 + -2 - (-20 + 6)?
6
Calculate 1 + (-8 - -5 - (2 - 2)).
-2
Evaluate (73 - 85) + 1 + -1 + 8.
-4
4 - (2 + 4) - -3
1
Calculate 3 + -1 - ((-2 - -4) + -2).
2
What is -12 + 10 + 6 + -10?
-6
Evaluate (3 + 0 + -3 - -2) + 4.
6
What is (-1 - -1) + -4 + -1?
-5
Calculate 6 - 5 - -4 - 4.
1
Calculate 1 + -1 + (11 - 6 - 0).
5
Calculate 4 + -2 + 3 + (9 - 9).
5
-4 + -2 + -4 + 5
-5
What is the value of -4 - (-4 - (-7 + 1)) - -4?
-2
Calculate -9 - (-16 - (2 + -1)).
8
Evaluate 0 - (5 - 2) - -3 - -3.
3
Evaluate (-9 - -1) + -10 + 12 + 1.
-5
What is the value of (-8 - -4) + (3 - -4) - 0?
3
What is 2 - (2 - (-3 + -1))?
-4
What is the value of 5 - (13 + -7 + -12 + 10)?
1
Calculate 7 + (-3 - (4 - (2 + 0))).
2
Calculate -3 + 6 - (-1 - (5 - 9)).
0
What is the value of 5 + (2 + -6 - -10) + -4?
7
Evaluate (9 - 9) + 9 + -10.
-1
Calculate -1 + -6 - (-8 + (0 - -5)).
-4
Calculate 5 + -10 + -1 - -10.
4
What is the value of -5 + 10 + -4 + 3?
4
Evaluate (-4 - (-6 - -7)) + 4.
-1
What is the value of 0 - (1 - (8 - 8))?
-1
What is (-4 - (3 + -10)) + 0?
3
What is the value of 8 + (-4 - 0) + 6 + -5?
5
(0 - (-1 + -3) - 0) + -1
3
What is the value of 4 - 1 - ((8 - 3) + -6)?
4
What is 1 + -11 + 2 + 11?
3
Evaluate 0 + -8 - -2 - (-2 + 2).
-6
Evaluate -4 - 1 - -1 - -7.
3
Calculate 6 - (7 - 6 - -6) - 6.
-7
Evaluate (-11 - (-16 + 6)) + 1.
0
Evaluate 6 - 8 - (-8 + 10).
-4
Evaluate (6 - 6 - -1) + 1.
2
Evaluate 2 + -1 - (-8 + -8 + 22).
-5
-3 - (-1 + -3 - (3 - 4))
0
Calculate 5 + 0 + 0 + -2.
3
4 + -1 + -3 + (27 - 26)
1
What is (2 - 2 - -7) + -5?
2
Calculate -8 - (-3 + (2 - 6)).
-1
Evaluate 2 + (-2 - (1 + 1)).
-2
What is 33 + -31 + (0 - 1) + -1?
0
What is -7 - (4 + (-11 - -6))?
-6
What is 5 + -6 - (-3 - 0) - 1?
1
What is the value of 18 - (6 - (4 - 7)) - 8?
1
(4 - (-5 - -6)) + (-1 - 4)
-2
Calculate 0 + 0 + 4 + -1 - 3.
0
Evaluate 4 + -7 + 5 - (1 + 1).
0
Calculate (3 - (3 - -7)) + 2.
-5
-30 + 35 - (0 + 2 + 0)
3
2 + -2 + -2 + 4 - -1
3
What is the value of -2 + (13 - 8) - 6?
-3
Evaluate -4 + 1 - (1 + -5 - 1).
2
1 + -2 + 2 + (66 - 69)
-2
Evaluate -1 + -1 - ((0 - 6) + 5).
-1
Evaluate -14 + -4 + 9 - -4.
-5
Evaluate -2 + 2 + 2 + -2.
0
Calculate -6 - (1 + 11) - -12.
-6
Calculate 11 + (-7 - -5) - 4.
5
Evaluate 3 - -12 - 20 - 3.
-8
Calculate (-22 - -12) + 15 + (1 - 0).
6
What is 1 - (3 - (-5 - (-18 - -5)))?
6
Calculate 1 + 1 + (17 - 11) + -3.
5
Evaluate (1 - 5) + 3 + 2 + 0.
1
What is -66 + 53 - (3 + -8)?
-8
Evaluate 3 + 0 + -2 + -2.
-1
What is -49 + 47 + 4 + -1?
1
Calculate -4 + -7 + 6 - -11.
6
What is the value of 4 - (0 + -2 + (7 - 4))?
3
What is the value of (-20 - -30) + (-8 - 0 - -2)?
4
What is 2 + (-2 - -4) + -3?
1
What is the value of 1 - (-3 + (-9 - -19))?
-6
1 + (4 - 2) - (-5 - -11)
-3
Evaluate 1 + (5 - ((7 - 3) + -8)).
10
What is 14 + -19 - (-6 + 1 + 5)?
-5
What is -59 - -63 - (0 + (0 - 0))?
4
What is 1 - (-1 + 0 + (-3 - -4))?
1
1 + 0 - (-76 + 76)
1
What is the value of 3 - 2 - 8 - 0 - -3?
-4
Evaluate 4 + -10 - (1 - 5).
-2
What is the value of 3 - (4 - (-2 - 0))?
-3
Calculate -5 + 0 + -4 + 0 + 2.
-7
Evaluate (5 - (7 + 1)) + 12.
9
Calculate 2 - 6 - (1 - 1 - 2).
-2
(-13 - (0 - 3)) + 6
-4
What is 4 - 8 - -1 - 2 - -2?
-3
Evaluate 1 + -2 + 3 + -2 - 0.
0
Calculate 3 + -2 + -4 - 2.
-5
Calculate -1 + -4 - (34 + -38).
-1
What is -2 + 1 + (-1 - -3)?
1
What is 6 + 5 + -2 + -6?
3
Evaluate -6 + 7 + -10 - (5 + -4).
-10
What is -4 - (-9 - -4) - -3?
4
Calculate -4 + -7 + 20 - 5.
4
(0 - 1 - 3) + 66 + -66
-4
What is -17 - (4 + (-5 - (-5 + 11)))?
-10
What is 2 - 14 - -10 - (-5 + 1)?
2
What is the value of (6 - 1) + (10 + -5 - 6)?
4
What is 7 + -3 + 1 + -2?
3
Evaluate 1 + -11 - (-19 + 5).
4
Evaluate -19 - -7 - -3 - (-3 + -1).
-5
What is (-2 + -3 - -2) + 3?
0
What is 11 - (-11 + 7 - -11)?
4
3 + 8 + -14 - -9
6
What is (0 - 7) + 2 + -2 - -2?
-5
4 + -1 + 5 - (-9 - -25)
-8
Calculate -1 + -2 - (17 + -19).
-1
Evaluate 3 + (0 + -2 + -4 - -5).
2
Evaluate -2 - -2 - 4 - (11 - 15).
0
What is -4 + 5 + (-3 - 16) + 8?
-10
Evaluate -9 + (-2 + -2 - (-20 + 14)).
-7
What is the value of 3 + -1 + -3 - (1 - -1)?
-3
Evaluate 0 - 3 - (-5 + (5 - 3)).
0
Evaluate -4 - (1 - -5 - 5) - -5.
0
7 - (-3 + -1 + 7)
4
-4 - (2 + -8 - -8)
-6
Calculate -2 - (4 + 2 + -3 + -4).
-1
What is the value of 7 - (23 - (12 + -3))?
-7
What is 0 + (7 - 4) - 1?
2
0 + 4 + (0 + -1 - 1)
2
